-f - 3*f + 372. Calculate the highest common factor of 11 and f.
11
Suppose -5*c + 3*s + 285 = 0, 3*c - 35 = 5*s + 120. Suppose 16 = 5*p - 4*p + 3*h, -3*p = h - 32. What is the highest common factor of c and p?
10
Let x = -12 - -15. What is the greatest common divisor of 27 and x?
3
Suppose 100 = -2*u + 7*u. Let b be u/(-70) + (-116)/(-14). Calculate the highest common factor of b and 8.
8
Suppose -2*s = -0*s - 286. Calculate the greatest common divisor of 11 and s.
11
Suppose -46 = 3*r + 3*h - 112, -h + 43 = 2*r. Let p = -19 + 13. Let t(j) = 2*j**2 + 7*j - 9. Let w be t(p). What is the highest common factor of r and w?
21
Suppose -5*w - 4*r + 0*r + 161 = 0, 0 = 4*w + 4*r - 128. Let a = w + -19. What is the greatest common factor of a and 14?
14
Let k be (-4)/(-3)*(-114)/(-4). Let r be (-1)/3 + 1640/24. Let q = r - 11. What is the highest common divisor of k and q?
19
Suppose 3*f = 2*p - 246, 2*f = -p - 19 + 149. Calculate the greatest common factor of 18 and p.
18
Suppose -4*a - d = -0*a - 68, -12 = -a + d. Let f be (-10 + 3 + -1)/(-1). Suppose f*i - 560 = 3*i. What is the highest common factor of i and a?
16
Suppose -3*u = 2*u. Let v be (-10 - (-1 + u))*-11. Calculate the greatest common divisor of 9 and v.
9
Let p(h) = h**3 + 2*h**2 - 5*h - 4. Let m be p(-3). What is the greatest common factor of m and 5?
1
Let u = 28 - 8. Calculate the highest common divisor of u and 140.
20
Let d be 1 + (-1)/((-2)/8). Suppose n = -n + 5*o + 40, 0 = -4*n + 3*o + 80. What is the highest common divisor of d and n?
5
Suppose 8*o - 36 = 2*o. Suppose 0 = 5*u + 2*p - 248, 0 = -3*p + o*p - 12. Calculate the highest common factor of u and 32.
16
Suppose 8*g - 3*g - 4*x - 65 = 0, 0 = -5*g - 5*x + 20. What is the highest common factor of g and 72?
9
Let b be 8/((-1)/(0 + -1)). Suppose -63 = 3*h - 21. Let u = h + 26. Calculate the highest common divisor of b and u.
4
Let g = -117 - -133. Calculate the greatest common divisor of g and 64.
16
Let t(s) be the first derivative of s**4/4 + 7*s**3/3 + s**2 + 3*s - 2. Let u be t(-7). Let l = u - -18. What is the highest common divisor of 56 and l?
7
Let l(k) = -9*k - 9. Let f be l(-10). Suppose -s + 3 = -6. Calculate the greatest common divisor of f and s.
9
Let x(d) = -d**2 + d + 1. Let n be x(3). Let g = 1 - n. What is the highest common factor of 48 and g?
6
Suppose 0 = 15*f - 12*f - 285. What is the highest common factor of f and 19?
19
Suppose 198 = -8*o + 726. Calculate the highest common divisor of 66 and o.
66
Let p(d) = d**3 - 5*d**2 + 4*d - 4. Let q be p(4). Let i(h) = -h - 3. Let l be i(q). What is the highest common factor of l and 2?
1
Let r(f) = 2*f**2 + 4*f - 2. Let p be r(-4). Let i(c) = 27*c**2 + c. Let d be i(1). Calculate the highest common divisor of d and p.
14
Suppose 16*r - 216 = 8*r. Let u be 6/2 + 0 + 0. What is the greatest common factor of u and r?
3
Let g(q) = -4*q**2 - 2*q + 2. Let o be g(-2). Let c be 3*(o/6 - -1). Let a be 11 + (c - (0 + -4)). What is the highest common factor of 13 and a?
13
Let c(u) = u**2 + 5*u + 3. Let s be c(-4). Let w(j) = -5*j**3 + 2*j + 1. Let p be w(s). What is the greatest common factor of 4 and p?
4
Suppose -3 = -f, -2*f = -2*i - 4*f + 34. What is the greatest common factor of i and 28?
14
Let l = 904 + -297. Suppose l = 6*g - 53. What is the highest common divisor of 10 and g?
10
Suppose 2 = 3*t - 2*t + 3*o, 2*t + 2 = -4*o. Let a = 10 - 5. Let p = a - t. Calculate the highest common factor of 36 and p.
12
Suppose 0*a - 2359 = -7*a. Suppose -2*z - 199 = -3*h + a, -684 = -4*h - 5*z. Calculate the highest common factor of h and 16.
16
Suppose -40 = -3*o + 5*g, 3*o = -2*o - 2*g + 77. Let w be o/6 + 1/2. Calculate the greatest common divisor of 24 and w.
3
Let s = 47 + -12. Calculate the greatest common divisor of 7 and s.
7
Let j(o) = 55*o**2 + o + 2. Let h be j(-1). Calculate the highest common factor of 28 and h.
28
Suppose -2*d = -2, n = -5*d - 4 + 9. Let w(x) = -x**2 + 4. Let q be w(n). Suppose -y = q*r - 4, 5*r - y - 18 = y. What is the greatest common factor of 8 and r?
2
Suppose -17 = -4*f + 15. Let n(s) = s**3 - 6*s**2 - 3*s + 11. Let x be n(f). Calculate the highest common factor of x and 46.
23
Let z be 48/(-56)*(-42)/9. Calculate the greatest common divisor of z and 36.
4
Let x(h) = h**2 + 4. Let s be x(0). Let c be (-167)/(-4) + 1/s. Suppose 0*d + 28 = 2*d. What is the greatest common divisor of d and c?
14
Let z be 1 - (33 + 2 + -3). Let r be -1 - z - (0 - 0). Let l(s) = -s**2 + 8*s - 3. Let o be l(5). Calculate the greatest common factor of o and r.
6
Suppose 6*s - 2*s + 3*o - 120 = 0, 58 = 2*s + o. What is the greatest common divisor of 3 and s?
3
Let g(w) = -6*w**3 + 2*w**2 + w. Let o be g(-2). Suppose -n + 3*y + 8 = 0, 3*n = -4*y + 3*y + o. What is the greatest common divisor of 187 and n?
17
Let c be (-1 + 6)*(-72)/(-10). Suppose -4*y = -71 - 1. What is the highest common factor of c and y?
18
Suppose 7*f = 2*f + 760. Calculate the highest common factor of f and 19.
19
Let f(a) = -a**3 - 6*a**2 - 5*a - 4. Let n be f(-4). Let i be (-4)/n - (-1142)/8. Calculate the highest common factor of 13 and i.
13
Let c = 19 - -1. Let d(o) = o**2 - o - 2. Suppose -7*p + 2*p - 20 = -5*i, 3*p = 5*i - 18. Let s be d(i). What is the highest common divisor of c and s?
4
Let u(o) = o + 2 + o - 4 + 9*o**2 + o**3 - 3*o**2. Let i be u(-5). Calculate the highest common divisor of i and 13.
13
Suppose -2*z - 2 = -32. Suppose 2*k = 4*g + 150, g - 123 = -2*k + 27. Calculate the greatest common factor of k and z.
15
Suppose -3*d + v = -10, v = -5*d - 4*v + 30. Suppose 25 = d*k - 7. Suppose 0 = -q - 4*i + k, 4*q - 3*i = i + 132. What is the greatest common factor of q and 4?
4
Let i(l) = l**2 - 7*l + 2. Let s be i(8). Calculate the greatest common divisor of s and 40.
10
Let h = -147 - -159. What is the greatest common divisor of 12 and h?
12
Let v(p) = p**2 - 5*p + 1. Let f be v(6). Let o(c) = -c + 17. Let n be o(f). Let x be (-4)/(-10) - 96/(-10). What is the highest common divisor of x and n?
10
Suppose -2*b + 4*b = 30. Let f = b + -7. Suppose -4 = -x - 2. What is the highest common divisor of x and f?
2
Suppose -3*d - 2*d = -2*n - 5, -4*n + 3 = 3*d. Suppose -4*a - 276 = -3*q, n*q + 164 = 2*q + 4*a. What is the greatest common divisor of q and 11?
11
Let p(n) = -7*n**2 - 4*n**2 - n + 4*n - n + n**3. Let y be p(11). Calculate the highest common factor of 33 and y.
11
Let j be -11*((-3)/(-9))/((-2)/6). What is the greatest common divisor of 33 and j?
11
Suppose -7 = -5*d + z - 2, 4*d - 4 = -4*z. Let k(h) = 2*h - 2. Let s be k(2). What is the highest common divisor of s and d?
1
Let h(u) = -u**3 + 2*u + 2. Let b be h(-2). Suppose -41 + 141 = 4*s. Let n = s + 41. Calculate the highest common divisor of b and n.
6
Let w(t) = 6*t**2 - 3*t - 1. Let h be w(2). Calculate the greatest common factor of 68 and h.
17
Suppose 4*a - 542 = 1150. What is the highest common divisor of a and 47?
47
Suppose -3*r = -r - 14. What is the highest common factor of 7 and r?
7
Let p be (-438)/(-10) - 3/(-15). Let a(g) = g**3 - 11*g**2 - 10*g - 13. Let h be a(12). Calculate the greatest common factor of h and p.
11
Suppose -33 = 4*d + 2*u + 3, -3*u = 3*d + 21. Let j = d - -25. Let s = -3 + 5. Calculate the greatest common factor of s and j.
2
Suppose 437 = 4*n - 67. What is the greatest common factor of n and 18?
18
Let h = -11 - -17. Let k = 13 - h. What is the greatest common factor of 7 and k?
7
Let z(f) = f**3 - 10*f**2 + f + 8. Let q be z(10). What is the highest common divisor of q and 6?
6
Suppose 0 = p - 96 - 0. Let g be -19 + (2 - 3/(-3)). Let h = 28 + g. Calculate the highest common factor of p and h.
12
Let y(r) = -r. Suppose v + v + 22 = 0. Let l be y(v). What is the greatest common factor of l and 44?
11
Suppose -5*y = 5*z - 580, 3*y - 332 = -3*z + 4*z. Calculate the highest common divisor of 42 and y.
14
Let u(f) = 3*f - 2. Let x be u(2). Calculate the greatest common factor of 1 and x.
1
Let i be 2/8 + 355/20. Suppose c + c - 4 = 0. Suppose 5*m + c*h = 18, m + 10 = -2*m + 4*h. What is the highest common factor of i and m?
2
Suppose -4 - 6 = -2*l. Suppose 64 = -l*f - 46. Let g = -4 - f. Calculate the greatest common factor of 2 and g.
2
Let r = 18 + -2. Suppose 3*k = k + r. What is the